{"id":142,"date":"2025-05-15T20:40:29","date_gmt":"2025-05-15T20:40:29","guid":{"rendered":"https:\/\/psicocanarias.com\/?page_id=142"},"modified":"2025-05-17T17:13:51","modified_gmt":"2025-05-17T17:13:51","slug":"privacidad","status":"publish","type":"page","link":"https:\/\/psicocanarias.com\/?page_id=142","title":{"rendered":"PRIVACIDAD"},"content":{"rendered":"<p>[et_pb_section fb_built=\u00bb1&#8243; _builder_version=\u00bb4.27.4&#8243; _module_preset=\u00bbdefault\u00bb global_colors_info=\u00bb{}\u00bb][et_pb_row _builder_version=\u00bb4.27.4&#8243; _module_preset=\u00bbdefault\u00bb global_colors_info=\u00bb{}\u00bb][et_pb_column type=\u00bb4_4&#8243; _builder_version=\u00bb4.27.4&#8243; _module_preset=\u00bbdefault\u00bb global_colors_info=\u00bb{}\u00bb][et_pb_text _builder_version=\u00bb4.27.4&#8243; _module_preset=\u00bbdefault\u00bb global_colors_info=\u00bb{}\u00bb]<\/p>\n<pre>Pol\u00edtica de protecci\u00f3n de datos<\/pre>\n<p>&nbsp;<\/p>\n<\/p>\n<p>JUAN CARLOS JORGE GONZ\u00c1LEZ, titular del portal psicocanarias.com, informa a los usuarios del mismo, en adelante el \u201cportal\u201d, que JUAN CARLOS JORGE GONZ\u00c1LEZ, es responsable de los tratamientos que se realicen mediante este portal, salvo que otra cosa se informe en el tratamiento de que se trate.<\/p>\n<\/p>\n<p>JUAN CARLOS JORGE GONZ\u00c1LEZ respeta la legislaci\u00f3n vigente en materia de protecci\u00f3n de datos personales, la privacidad de los usuarios y el secreto y seguridad de los datos personales, de conformidad con lo establecido en la legislaci\u00f3n aplicable en materia de protecci\u00f3n de datos, en concreto, el Reglamento 2016\/679 del Parlamento Europeo y del Consejo de 27 de abril de 2016, adoptando para ello las medidas t\u00e9cnicas y organizativas necesarias para evitar la p\u00e9rdida, mal uso, alteraci\u00f3n, acceso no autorizado y robo de los datos personales facilitados, habida cuenta del estado de la tecnolog\u00eda, la naturaleza de los datos y los riesgos a los que est\u00e1n expuestos.<\/p>\n<\/p>\n<p>En concreto, se informa a los usuarios del portal que sus datos de car\u00e1cter personal s\u00f3lo podr\u00e1n obtenerse para su tratamiento cuando sean adecuados, pertinentes y no excesivos en relaci\u00f3n con el \u00e1mbito y las finalidades determinadas, expl\u00edcitas y leg\u00edtimas para las que se hayan obtenido.<\/p>\n<\/p>\n<p>Cuando se recaben los datos personales a trav\u00e9s del portal, se informar\u00e1 previamente al usuario, de forma clara e inequ\u00edvoca, de los siguientes extremos:<\/p>\n<\/p>\n<p>Existencia de un tratamiento de datos de car\u00e1cter personal.<br \/>la identidad y los datos de contacto del responsable del tratamiento de datos personales obtenidos,<br \/>los datos de contacto del Delegado de Protecci\u00f3n de Datos, si fuese oportuno;<br \/>los fines del tratamiento a que se destinan los datos personales y la base jur\u00eddica del tratamiento;<br \/>los destinatarios o las categor\u00edas de destinatarios de los datos personales, en su caso.<br \/>en su caso, la intenci\u00f3n del responsable de transferir datos personales a un tercer pa\u00eds;<br \/>el plazo o los criterios de conservaci\u00f3n de la informaci\u00f3n;<br \/>la existencia del derecho a solicitar al responsable del tratamiento el acceso a los datos personales relativos al interesado, y su rectificaci\u00f3n o supresi\u00f3n, o la limitaci\u00f3n de su tratamiento, el derecho a la portabilidad de los datos, o a oponerse al tratamiento. Asimismo, la manera de ejercitar los mencionados derechos.<br \/>cuando el tratamiento est\u00e9 basado en el consentimiento del interesado, la existencia del derecho a retirar el consentimiento en cualquier momento, sin que ello afecte a la licitud del tratamiento basado en el consentimiento previo a su retirada; Si el tratamiento no est\u00e1 basado en el consentimiento, su derecho a ejercer la oposici\u00f3n al tratamiento.<br \/>el derecho a presentar una reclamaci\u00f3n ante una autoridad de control;<br \/>la existencia, si las hubiera, de decisiones automatizas, incluida la elaboraci\u00f3n de perfiles y el ejercicio de derechos asociados a dicho tratamiento.<br \/>En particular, cuando se recaben datos de ni\u00f1os, el tratamiento \u00fanicamente se considerar\u00e1 l\u00edcito si el consentimiento lo dio o autoriz\u00f3 el titular de la patria potestad o tutela sobre el ni\u00f1o.<\/p>\n<\/p>\n<p>El usuario ser\u00e1 el \u00fanico responsable a causa de la cumplimentaci\u00f3n de los formularios con datos falsos, inexactos, incompletos o no actualizados<\/p>\n<p>[\/et_pb_text][\/et_pb_column][\/et_pb_row][\/et_pb_section]<\/p>\n","protected":false},"excerpt":{"rendered":"<p>Pol\u00edtica de protecci\u00f3n de datos &nbsp; JUAN CARLOS JORGE GONZ\u00c1LEZ, titular del portal psicocanarias.com, informa a los usuarios del mismo, en adelante el \u201cportal\u201d, que JUAN CARLOS JORGE GONZ\u00c1LEZ, es responsable de los tratamientos que se realicen mediante este portal, salvo que otra cosa se informe en el tratamiento de que se trate. JUAN CARLOS [&hellip;]<\/p>\n","protected":false},"author":2,"featured_media":0,"parent":0,"menu_order":0,"comment_status":"closed","ping_status":"closed","template":"","meta":{"_et_pb_use_builder":"on","_et_pb_old_content":"","_et_gb_content_width":"","footnotes":""},"class_list":["post-142","page","type-page","status-publish","hentry"],"_links":{"self":[{"href":"https:\/\/psicocanarias.com\/index.php?rest_route=\/wp\/v2\/pages\/142","targetHints":{"allow":["GET"]}}],"collection":[{"href":"https:\/\/psicocanarias.com\/index.php?rest_route=\/wp\/v2\/pages"}],"about":[{"href":"https:\/\/psicocanarias.com\/index.php?rest_route=\/wp\/v2\/types\/page"}],"author":[{"embeddable":true,"href":"https:\/\/psicocanarias.com\/index.php?rest_route=\/wp\/v2\/users\/2"}],"replies":[{"embeddable":true,"href":"https:\/\/psicocanarias.com\/index.php?rest_route=%2Fwp%2Fv2%2Fcomments&post=142"}],"version-history":[{"count":3,"href":"https:\/\/psicocanarias.com\/index.php?rest_route=\/wp\/v2\/pages\/142\/revisions"}],"predecessor-version":[{"id":219,"href":"https:\/\/psicocanarias.com\/index.php?rest_route=\/wp\/v2\/pages\/142\/revisions\/219"}],"wp:attachment":[{"href":"https:\/\/psicocanarias.com\/index.php?rest_route=%2Fwp%2Fv2%2Fmedia&parent=142"}],"curies":[{"name":"wp","href":"https:\/\/api.w.org\/{rel}","templated":true}]}}